{"id":6,"date":"2011-09-07T11:52:23","date_gmt":"2011-09-07T11:52:23","guid":{"rendered":"http:\/\/www.iyscpt.com\/?page_id=6"},"modified":"2012-07-02T23:15:58","modified_gmt":"2012-07-02T22:15:58","slug":"about","status":"publish","type":"page","link":"http:\/\/www.iyscpt.com\/?page_id=6","title":{"rendered":"ABOUT"},"content":{"rendered":"<p>A ideia de realizar um encontro de jovens, durante o ver\u00e3o, resulta de um protocolo de amizade e gemina\u00e7\u00e3o assinado pela cidade de Eschborn, Montgeron, P\u00f3voa de Varzim, a que se juntou, em 2001, a cidade de Zabbar em Malta.<\/p>\n<p>Desde 1988, em Agu\u00e7adoura, na P\u00f3voa de Varzim, Portugal, que se v\u00e3o vivendo experi\u00eancias \u00fanicas de amizade e de interc\u00e2mbio europeu. Os encontros de f\u00e9rias servem para criar, desenvolver e fortalecer la\u00e7os de amizade entre os jovens destas comunidades rumo a uma Europa mais unida e tolerante.<\/p>\n<p>&nbsp;<\/p>\n<p>Cidades organizadoras:\u00a0<strong><a href=\"http:\/\/www.eschborn.de\/\" target=\"_blank\">Eschborn<\/a><\/strong>\u00a0(Alemanha),\u00a0<strong><a href=\"http:\/\/www.ville-de-montgeron.com\/\" target=\"_blank\">Montgeron<\/a><\/strong>\u00a0(Fran\u00e7a),\u00a0<strong><a href=\"http:\/\/www.cm-pvarzim.pt\/\" target=\"_blank\">P\u00f3voa de Varzim<\/a><\/strong>\u00a0(Portugal) and\u00a0<strong><a href=\"http:\/\/www.visitmalta.com\/main\" target=\"_blank\">Zabbar<\/a><\/strong>\u00a0(Malta).<\/p>\n","protected":false},"excerpt":{"rendered":"<p>A ideia de realizar um encontro de jovens, durante o ver\u00e3o, resulta de um protocolo de amizade e gemina\u00e7\u00e3o assinado pela cidade de Eschborn, Montgeron, P\u00f3voa de Varzim, a que se juntou, em 2001, a cidade de Zabbar em Malta. Desde 1988, em Agu\u00e7adoura, na P\u00f3voa de Varzim, Portugal, que se v\u00e3o vivendo experi\u00eancias \u00fanicas de amizade e de interc\u00e2mbio europeu. Os encontros de f\u00e9rias servem para criar, desenvolver e fortalecer la\u00e7os de amizade entre os jovens destas comunidades rumo a uma Europa mais unida e tolerante. &nbsp; Cidades organizadoras:\u00a0Eschborn\u00a0(Alemanha),\u00a0Montgeron\u00a0(Fran\u00e7a),\u00a0P\u00f3voa de Varzim\u00a0(Portugal) and\u00a0Zabbar\u00a0(Malta).<\/p>\n","protected":false},"author":1,"featured_media":0,"parent":0,"menu_order":0,"comment_status":"open","ping_status":"open","template":"","meta":{"ngg_post_thumbnail":0},"_links":{"self":[{"href":"http:\/\/www.iyscpt.com\/index.php?rest_route=\/wp\/v2\/pages\/6"}],"collection":[{"href":"http:\/\/www.iyscpt.com\/index.php?rest_route=\/wp\/v2\/pages"}],"about":[{"href":"http:\/\/www.iyscpt.com\/index.php?rest_route=\/wp\/v2\/types\/page"}],"author":[{"embeddable":true,"href":"http:\/\/www.iyscpt.com\/index.php?rest_route=\/wp\/v2\/users\/1"}],"replies":[{"embeddable":true,"href":"http:\/\/www.iyscpt.com\/index.php?rest_route=%2Fwp%2Fv2%2Fcomments&post=6"}],"version-history":[{"count":8,"href":"http:\/\/www.iyscpt.com\/index.php?rest_route=\/wp\/v2\/pages\/6\/revisions"}],"predecessor-version":[{"id":1225,"href":"http:\/\/www.iyscpt.com\/index.php?rest_route=\/wp\/v2\/pages\/6\/revisions\/1225"}],"wp:attachment":[{"href":"http:\/\/www.iyscpt.com\/index.php?rest_route=%2Fwp%2Fv2%2Fmedia&parent=6"}],"curies":[{"name":"wp","href":"https:\/\/api.w.org\/{rel}","templated":true}]}}

<p>A ideia de realizar um encontro de jovens, durante o verão, resulta de um protocolo de amizade e geminação assinado pela cidade de Eschborn, Montgeron, Póvoa de Varzim, a que se juntou, em 2001, a cidade de Zabbar em Malta.</p>
<p>Desde 1988, em Aguçadoura, na Póvoa de Varzim, Portugal, que se vão vivendo experiências únicas de amizade e de intercâmbio europeu. Os encontros de férias servem para criar, desenvolver e fortalecer laços de amizade entre os jovens destas comunidades rumo a uma Europa mais unida e tolerante.</p>
<p>&nbsp;</p>
<p>Cidades organizadoras: <strong><a href="http://www.eschborn.de/" target="_blank">Eschborn</a></strong> (Alemanha), <strong><a href="http://www.ville-de-montgeron.com/" target="_blank">Montgeron</a></strong> (França), <strong><a href="http://www.cm-pvarzim.pt/" target="_blank">Póvoa de Varzim</a></strong> (Portugal) and <strong><a href="http://www.visitmalta.com/main" target="_blank">Zabbar</a></strong> (Malta).</p>

<p>A ideia de realizar um encontro de jovens, durante o verão, resulta de um protocolo de amizade e geminação assinado pela cidade de Eschborn, Montgeron, Póvoa de Varzim, a que se juntou, em 2001, a cidade de Zabbar em Malta. Desde 1988, em Aguçadoura, na Póvoa de Varzim, Portugal, que se vão vivendo experiências únicas de amizade e de intercâmbio europeu. Os encontros de férias servem para criar, desenvolver e fortalecer laços de amizade entre os jovens destas comunidades rumo a uma Europa mais unida e tolerante. &nbsp; Cidades organizadoras: Eschborn (Alemanha), Montgeron (França), Póvoa de Varzim (Portugal) and Zabbar (Malta).</p>
